{"id":17,"date":"2014-10-17T16:13:11","date_gmt":"2014-10-17T16:13:11","guid":{"rendered":"http:\/\/ldvm.org\/retmat\/?page_id=6"},"modified":"2024-01-25T19:25:56","modified_gmt":"2024-01-25T18:25:56","slug":"pautas","status":"publish","type":"page","link":"https:\/\/ldvm.net\/retcam\/pautas\/","title":{"rendered":"pautas recomendadas"},"content":{"rendered":"<p><a href=\"https:\/\/ldvm.net\/retcam\/wp-content\/uploads\/2024\/01\/cabecera.jpg\"><img fetchpriority=\"high\" decoding=\"async\" class=\"wp-image-9\" src=\"https:\/\/ldvm.net\/retcam\/wp-content\/uploads\/2024\/01\/cabecera.jpg\" alt=\"cabecera\" width=\"948\" height=\"226\" \/><\/a><\/p>\n<p><strong>PAUTAS<\/strong><br \/>\nRetiro espiritual para caminantes. Duraci\u00f3n: 3 d\u00edas. Puede adaptar el horario y el contenido como mejor le convenga. Algunos consejos previos:<\/p>\n<ul>\n<li>Libros: Sagrada Biblia, especialmente Nuevo Testamento. Tambi\u00e9n el Catecismo de la Iglesia Cat\u00f3lica, o su compendio. Otros libros de lectura espiritual que ayuden.<\/li>\n<li>Iglesia para rezar con paz, asistir a la Eucarist\u00eda y confesarse.<\/li>\n<li>Anotar las ideas, prop\u00f3sitos y \u00abmediterr\u00e1neos\u00bb descubiertos<\/li>\n<li>Pensar en un sacerdote, consejero, o director espiritual con el que se tratar\u00e1n los prop\u00f3sitos del retiro una vez acabado el mismo.<\/li>\n<li>En la pesta\u00f1a \u00abExtras y propuestas\u00bb del propio retiro encontrar\u00e1 abundante material: charlas, pel\u00edculas formativas, enlaces a direcciones con sugerencias de libros espirituales, etc.<\/li>\n<\/ul>\n<p>&nbsp;<\/p>\n<p><strong>En la medida de lo posible, conviene evitar<\/strong><\/p>\n<ul>\n<li>Radio, m\u00fasica, televisi\u00f3n, redes sociales, tel\u00e9fono, etc. En general, todo lo que rompa innecesariamente el silencio interior.<\/li>\n<li>Actos sociales y gestiones que puedan hacerse en otro momento.<\/li>\n<\/ul>\n<p>&nbsp;<\/p>\n<p><strong>Y despu\u00e9s del retiro, \u00bfqu\u00e9?<\/strong><\/p>\n<ul>\n<li>Concretar las ideas en prop\u00f3sitos (pocos y asequibles) que sinteticen las resoluciones vistas y ayuden a mejorar.<\/li>\n<li>Mantener un plan de piedad diario (por ejemplo, asistir a misa algunos d\u00edas, el rosario, la confesi\u00f3n frecuente, etc)<\/li>\n<li>Resulta de mucha utilidad encontrar un sacerdote a quien pedir consejo espiritual, que nos acompa\u00f1e en esta peregrinaci\u00f3n.<\/li>\n<\/ul>\n","protected":false},"excerpt":{"rendered":"<p>PAUTAS Retiro espiritual para caminantes. Duraci\u00f3n: 3 d\u00edas. Puede adaptar el horario y el contenido como mejor le convenga. Algunos consejos previos: Libros: Sagrada Biblia, especialmente Nuevo Testamento. Tambi\u00e9n el Catecismo de la Iglesia Cat\u00f3lica, o su compendio. Otros libros de lectura espiritual que ayuden. Iglesia para rezar con paz, asistir a la Eucarist\u00eda y confesarse. Anotar las ideas, prop\u00f3sitos y \u00abmediterr\u00e1neos\u00bb descubiertos Pensar en un sacerdote, consejero, o director espiritual con el que se tratar\u00e1n los prop\u00f3sitos del retiro una vez acabado el mismo. En la pesta\u00f1a \u00abExtras y propuestas\u00bb del propio retiro encontrar\u00e1 abundante material: charlas, pel\u00edculas formativas, enlaces a direcciones con sugerencias de libros espirituales, etc. &nbsp; En la medida de lo posible, conviene evitar Radio, m\u00fasica, televisi\u00f3n, redes sociales, tel\u00e9fono, etc. En general, todo lo que rompa innecesariamente el silencio interior. Actos sociales y gestiones que puedan hacerse en otro momento. &nbsp; Y despu\u00e9s del retiro, \u00bfqu\u00e9? Concretar las ideas en prop\u00f3sitos (pocos y asequibles) que sinteticen las resoluciones vistas y ayuden a mejorar. Mantener un plan de piedad diario (por ejemplo, asistir a misa algunos d\u00edas, el rosario, la confesi\u00f3n frecuente, etc) Resulta de mucha utilidad encontrar un sacerdote a quien pedir consejo espiritual, que nos acompa\u00f1e en esta peregrinaci\u00f3n.<\/p>\n","protected":false},"author":1,"featured_media":0,"parent":0,"menu_order":0,"comment_status":"closed","ping_status":"closed","template":"","meta":{"footnotes":""},"class_list":["post-17","page","type-page","status-publish","hentry"],"_links":{"self":[{"href":"https:\/\/ldvm.net\/retcam\/wp-json\/wp\/v2\/pages\/17","targetHints":{"allow":["GET"]}}],"collection":[{"href":"https:\/\/ldvm.net\/retcam\/wp-json\/wp\/v2\/pages"}],"about":[{"href":"https:\/\/ldvm.net\/retcam\/wp-json\/wp\/v2\/types\/page"}],"author":[{"embeddable":true,"href":"https:\/\/ldvm.net\/retcam\/wp-json\/wp\/v2\/users\/1"}],"replies":[{"embeddable":true,"href":"https:\/\/ldvm.net\/retcam\/wp-json\/wp\/v2\/comments?post=17"}],"version-history":[{"count":1,"href":"https:\/\/ldvm.net\/retcam\/wp-json\/wp\/v2\/pages\/17\/revisions"}],"predecessor-version":[{"id":676,"href":"https:\/\/ldvm.net\/retcam\/wp-json\/wp\/v2\/pages\/17\/revisions\/676"}],"wp:attachment":[{"href":"https:\/\/ldvm.net\/retcam\/wp-json\/wp\/v2\/media?parent=17"}],"curies":[{"name":"wp","href":"https:\/\/api.w.org\/{rel}","templated":true}]}}